(d).
5
Let a(r) = -20*r + 17. Let k(w) = -7*w + 6. Let l(p) = -6*a(p) + 17*k(p). Give l(-2).
-2
Let r be (1 + 0)/(-8 + 9). Let g(j) = 14*j**3 - j. What is g(r)?
13
Let v(d) be the first derivative of 5*d**4/4 - d + 27. Suppose 2*m + 0*z + 3*z - 7 = 0, 0 = -3*z + 9. Determine v(m).
-6
Suppose -3*c = c + 8. Let m(d) = 2*d**3 + 2*d**2 - d + 1. Determine m(c).
-5
Let m(x) = x**2 + 2*x**2 + 11 + 7*x - 4*x**2. Let t be m(8). Let b(c) be the second derivative of -c**4/12 - c**3/3 + 3*c**2/2 + 3*c. Give b(t).
-12
Suppose p - 2 = f, -12 = -4*f + p - 2*p. Let o(z) = 0 - 2 - z - z**f - z - 5*z. Let h be o(-7). Let x(b) = -b**3 - 4*b**2 - 2*b - 3. Calculate x(h).
-7
Let j(u) = -2*u + 0*u - 1 + 3. Suppose 4*w + 5*k - 41 = 0, -2*k - 6 = -4*w - 0*k. Calculate j(w).
-6
Let z(h) be the second derivative of h**4/12 + 2*h**3/3 + 3*h**2/2 + 5*h. Let s be 3*(-2)/4*2. Give z(s).
0
Let y(s) be the first derivative of -s**3/3 + s**2/2 + 2*s + 1. Determine y(2).
0
Let v be 2/(-3) - (-16)/6. Let r = v + 2. Let h(s) = -s**3 + 4*s**2 - 2. Let x be h(r). Let y(b) = -b**3 - 3*b**2 - 3*b - 3. What is y(x)?
-1
Let u(v) = -5*v**2 + 7*v - 8. Let i(x) = -x**2 - 2*x - 1. Let t(n) = 3*n**2 + 5*n + 3. Let d(f) = -5*i(f) - 2*t(f). Let r(a) = 6*d(a) - u(a). What is r(-6)?
8
Let v be 1 - 0 - (-12)/16*-4. Let u(f) = -9*f - 2. Calculate u(v).
16
Let u(m) = 28 + 8*m**2 - 16 + 9*m + m**2 + m**3. Calculate u(-8).
4
Let k = -8 + 16. Suppose k = x + 2. Let d(a) = -5*a - 2 + x*a**3 + a**2 + 3 + 3*a. Give d(1).
6
Let s(h) = 2*h**3 - 3*h**2. Let t(o) = o**3 + 5*o**2 - 4*o + 7. Let u be t(-5). Let c be 2/(-8) + u/12. Suppose -c*v + 8 = 2*v. What is s(v)?
4
Let s be -1*(4 - 6) - (2 - 0). Let c(z) = 1 - z + 1 + 2 + z**2 - z**3. What is c(s)?
4
Let m(f) = -5*f. Let h be 1*4*(-4 + 5). Let k(g) = g**3 - 4*g**2 - 2*g + 6. Let z be k(h). What is m(z)?
10
Let x(d) = 4*d + 1. Let q = 8 - 0. Suppose 0 = 4*i + 11*i - 45. Suppose -i*f = -q*f - 10. Give x(f).
-7
Let q(n) = -n - 2. Let k be (-1)/(-4) - (-33)/(-4). Let t = -3 - k. Let w be (-10)/(-25) - (-23)/t. Give q(w).
-7
Let s(c) = -c**2 + 2*c + 2. Let d be s(-2). Let b(h) = -h**2 - 7*h - 4. Let a be b(d). Let y(x) = x + 38 + 10 - 46. Calculate y(a).
4
Let i(x) be the second derivative of -x**3 - 31*x. Calculate i(-2).
12
Let d(n) = -3 - 2*n + 4*n + 2*n - 2*n. What is d(3)?
3
Let x(p) be the first derivative of -p**2/2 + 2*p - 1. Give x(2).
0
Let n(h) = -8*h**3 + h - 1. Let q = -3 + 7. Let k = q - 3. Suppose -10 = -5*a - b - k, 15 = -5*a + 5*b. Calculate n(a).
-8
Let c = 13 - 8. Let k(z) = -8*z + 3. Let i(t) = -33*t + 12. Let d(v) = c*i(v) - 21*k(v). Determine d(2).
3
Suppose -2*g + 0 = -6. Let t(w) = 17*w**2 - 11 - 15*w - 6*w - w**2. Let c(b) = 3*b**2 - 4*b - 2. Let l(p) = -22*c(p) + 4*t(p). Determine l(g).
-6
Let j(g) be the third derivative of -3*g**2 + 1/8*g**4 - 1/60*g**6 + 1/2*g**3 - 1/30*g**5 + 0 + 0*g. Give j(-2).
5
Suppose 0 = -3*c - 0*p - p, -p - 7 = -4*c. Let d = 1 + c. Let t(i) = -2*i**d + 4*i**3 - 1 + 0 + 0*i**3 - 2*i. Calculate t(-1).
-5
Let r(m) = 4*m - 2. Let h(d) = 2*d - 1. Suppose 0*w + 29 = -3*u - w, -5*w = -4*u - 26. Let s(t) = u*h(t) + 4*r(t). Give s(5).
-9
Let s be (0 - -2)*2 + -2. Let c be ((-8)/6)/(s/(-9)). Let h(m) = -m**3 + 6*m**2 - 1. Calculate h(c).
-1
Let d(g) = g**2 + 2*g. Suppose f - 2*o + 4 = 0, 5*f - 10 = -3*o + 9. Suppose 0*q - 6 = -f*q. Suppose 4*t + q = -5*p, -5*p - 6*t - 6 = -3*t. Calculate d(p).
3
Let z(u) = u**3 + u**2 + 3. Let n(w) = -w**2 + 11*w - 18. Let q be n(9). Give z(q).
3
Let p(l) = l**2 + 2. Let f be 1/(1/(-3)) - -5. Determine p(f).
6
Let d be (-2 + 1)*1*-2. Suppose 4*t = -3*b + d*b - 13, 3*t + 2*b + 6 = 0. Let x = 9 + t. Let n(o) = 2*o - 6. What is n(x)?
4
Let s(h) = -2*h**3 + h**2 + 2*h - 3. Let w be 0 - (8/(-2) + 2). Give s(w).
-11
Let t(k) = 1628 + 5*k + 0*k**2 - k**2 - 1632. Give t(4).
0
Let n(p) be the third derivative of -p**6/120 - p**5/12 + 7*p**4/24 + p**3 - 4*p**2. Let x be n(-6). Let v(q) = q**3 + q**2 + q. Calculate v(x).
0
Let v(m) = 4*m - 2. Let o(h) = 5*h - 2. Let t(j) = -5*o(j) + 6*v(j). Let g be t(-5). Let x(a) = g*a**2 + 2 + 3*a - 4*a**2 + 2*a**2 - 2*a**2. What is x(2)?
4
Let i(z) = -z**3 - 5*z**2 - 2. Suppose 2 = 3*m - 4*y, 6 - 4 = 2*y. Suppose w + m*w = 0. Suppose w = 5*r, 42 = -5*k + r + 17. Calculate i(k).
-2
Let p be 2 + 0 + (0 - 1). Let g(i) be the first derivative of 1 + 9/2*i**2 + 0*i. Determine g(p).
9
Let v(i) = -2*i**2 + 4*i - 4. Let p be (-15)/25 + 36/10. Determine v(p).
-10
Let k(r) = 5*r**3 - 6*r**3 + 6*r + 2*r**3 + 6*r**2 + 4. Calculate k(-5).
-1
Let x(y) be the first derivative of -4 + 4*y - 1/2*y**3 - 3*y**2. Let n(j) be the first derivative of x(j). What is n(-5)?
9
Suppose 5*l - 43 = -2*h, -3*l - 2*h - 14 = -43. Let r(u) = u**3 - 6*u**2 - 5*u - 7. Calculate r(l).
7
Let f(q) = q**2 - 4*q + 3. Let r be f(5). Let w = 12 - r. Let o(s) = -s**3 + 4*s**2 - s + 3. Calculate o(w).
-1
Let l(n) = -n**2 + 9*n - 9. Let a be l(7). Let v(z) = -2*z + 7. Calculate v(a).
-3
Let d = 91 + -88. Let a = 11 + -7. Let g(i) = 4*i - 3 + 4*i**3 - a*i**2 + i - 3*i**3. Calculate g(d).
3
Let s(f) = -f - 4. Let v = 3 - -1. Suppose 4*u - 5*u = -v. What is s(u)?
-8
Suppose p - 8 = -7. Let a(t) = -7*t + 1. Calculate a(p).
-6
Suppose -3*p - 4*q + 18 = -8*p, p + 2*q = -12. Let z = p + 4. Let t(c) = c**2 - 2*c + 0*c + 2 + 3*c. Determine t(z).
4
Let v(i) = 2*i**2 - 7*i - 9. Let h(d) = -d**2 + 5*d + 2. Let z(x) = x**2 - 6*x - 1. Let y(a) = 3*h(a) + 2*z(a). Let o(n) = -2*v(n) - 5*y(n). What is o(2)?
0
Let z(y) = 2*y - 2. Let q be (-2)/6 + (-32)/(-6). Let b = q + -7. What is z(b)?
-6
Let t(p) be the first derivative of -p**4/4 + 5*p**3/3 - 3*p**2/2 + 2. Let g be 1 + 4/(-3) - 26/(-6). Give t(g).
4
Let k(y) = 5*y**2 + 3*y + 2. Let j be k(-1). Let t(m) be the third derivative of 0 + 1/30*m**5 - 2*m**2 - 1/3*m**3 - 1/24*m**j + 0*m. Calculate t(2).
4
Let q(f) = -f**2 + 5*f. Suppose 0 = -a + 16 - 14. Let k = -4 + 14. Suppose -v - 2*v - a*w = -k, -v = -5*w - 9. Determine q(v).
4
Suppose -2*v = -2*j - 3 + 1, 1 = -5*v + 2*j. Let i be 28/(-16) - v/(-4). Let z(m) = 4*m + 3. What is z(i)?
-5
Let k(h) = -5*h**3 + 3*h**2 - 9*h - 3. Let a(o) = 2*o**3 - 2*o**2 + 4*o + 2. Let s(i) = -7*a(i) - 3*k(i). Give s(-5).
0
Let v(n) be the first derivative of -n**3/3 - 3*n**2 + 2*n + 2. Suppose 45 = -5*x - 5*j, 2*x + 20 + 1 = -3*j. Calculate v(x).
2
Suppose -10 - 5 = -3*n. Let r(k) be the third derivative of k**6/120 - k**5/15 - k**4/4 - k**3/6 - k**2. What is r(n)?
-6
Let p(x) = 2*x + 1 - 2 - 3*x**2 - 4*x**2. What is p(1)?
-6
Let k(n) = 5*n - 2. Let g be (1 - -3) + 6/(-1). What is k(g)?
-12
Let v(o) = -5*o. Suppose 3*l - 25 = 3*q - 1, l - 4 = 0. Let k(h) = 6*h. Let z(r) = q*k(r) - 5*v(r). Suppose -3*s = -4*x - 1, -x - s + 1 = -2*x. Calculate z(x).
2
Let a(r) be the second derivative of 0 + 0*r**4 - 1/20*r**5 + r**2 - r + 0*r**3. Suppose 13*i + 1 + 25 = 0. Determine a(i).
10
Let h(o) = -o + 2. Let c(k) = -4*k**2 + 18*k + 18. Let m(j) = -3*j**2 + 12*j + 12. Let u(y) = 5*c(y) - 7*m(y). Let w be u(-5). Calculate h(w).
1
Let m(p) = p**2 + 3*p - 3. Let o(g) = 3*g + 20. Let i(u) = 2*u + 13. Let c(a) = 7*i(a) - 5*o(a). Let k be c(-4). Calculate m(k).
7
Let l(q) = -3*q - 3. Let y(x) = 7*x + 6. Let p(a) = 9*l(a) + 4*y(a). Let k = 8 - 4. Give p(k).
1
Let x(a) = -1. Let d(i) = i + 10. Let s be ((-1)/(-2))/(2/(-4)). Let k(c) = s*d(c) - 3*x(c). Let l be 1 + 1 - (8 + -1). What is k(l)?
-2
Let r = -75 - -77. Let o(k) = -k**2. Give o(r).
-4
Let m(n) = n**2 + n - 1. Let g(l) = 3*l**2 - 4*l - 5. Let s(h) = g(h) - 4*m(h). Give s(-7).
6
Let t be 4/6 - 22/(-3). Let s(q) = q**2 - 9*q - 12. Let x be s(11). Let h(g) = g + g + t - x. Calculate h(-4).
-10
Let w(l) = -5*l**3 + 8*l**2 - 3*l - 9. Let s(y) = -y**3 + y**2 - 1. Let r(g) = 6*s(g) - w(g). Calculate r(-3).
3
Let g(v) = 19*v + 7. Let i(r) = 9*r + 3. Let c(u) = -2*g(u) + 5*i(u). Give c(-1).
-6
Let t(o) = o**3 - 3*o**2 - o - 1. Let h be t(2). Let g = 1 - h. Suppose 0*b - b = -d + 4, -5*d - b + g = 0. Let k(z) = 2*z**3 - 3*z**2 + 2. Give k(d).
6
Let t(h) = -14*h + 7. Let o(w) = -5*w + 2. Let d(i) = -11*o(i) + 4*t(i). Determine d(9).
-3
Let t = -19 + 37. Let p(x) = x**2 + 6*x + 2. Let k be p(-6). Suppose -t = -j - k*j. Let s(q) = q**3 - 7*q**2 + 6*q. Calculate s(j).
0
Let s(z) = -8*z**2 - z + 1. Let l(a